at is the tens digit of u?
5
Let l(u) = u**3 + 3*u**2 - 9*u + 5. Let f be l(-5). Suppose f = 5*m + 15, 0 = -4*b + 4*m + 4 + 12. What is the tens digit of ((-20)/50)/(b/(-95))?
3
Suppose 4*l + 19 = -17. What is the tens digit of (3 - 5)/(l/1440)?
2
Let h = 124 + -131. What is the tens digit of 1*(4 + h) + (1077 - 12)?
6
Let v = -11 + 11. Suppose v = 2*k - 3 - 3. Suppose 0 = k*t + 3*t - 504. What is the tens digit of t?
8
What is the hundreds digit of 19896/36*(42/24*6 - -6)?
1
Let j(q) = 136*q - 228. Let p(h) = -4*h + 90. Let w be p(19). What is the units digit of j(w)?
6
Suppose 21*n + 34*n - 275 = 0. Let q(l) = 51*l - 112. What is the units digit of q(n)?
3
Let l(o) = -2*o + 7 - o + 7*o. Let p be (130/52)/(5/32). What is the tens digit of l(p)?
7
Let r be 526/(-4) - ((-15)/(-6))/5. Let l = r + 73. Let w = 136 + l. What is the units digit of w?
7
Let a = -57427 - -104483. What is the ten thousands digit of a?
4
Let i = 11835 - 8937. What is the hundreds digit of i?
8
Let v = -231 - -133. Let k = -118 - v. What is the tens digit of k/(-4)*(0 + 35)?
7
What is the tens digit of (2*(-19454)/(-4))/(-2 + 130/52)?
5
Let r = -17 + 22. Suppose -v + 15 = 3*m + 1, 3*v = r*m - 28. What is the tens digit of (20 + -29)*(70/(-6) + v)?
1
Let l = 3003 + -2015. Suppose 3*m - 4*t + 1344 = 7*m, 2*t = 3*m - l. What is the units digit of m?
2
Suppose 4449221 = 279*j + 9*j - 279739. What is the hundreds digit of j?
4
Let u = 6656 - 1186. What is the units digit of u?
0
Suppose 0 = -8*i + 45978 + 11726. What is the tens digit of i?
1
Suppose -3*c - 8 = -101. Suppose 5*j - q - 108 = 0, -4*j - 5*q + c = -67. Suppose 3*b - 4*v - 195 = 0, -5*v + j = 7. What is the tens digit of b?
6
Let o be -321*-2*(-4)/24. Let c = o + 81. Let w(d) = -d**2 - 36*d - 32. What is the hundreds digit of w(c)?
2
Let m(r) = r**2 + 19*r + 18. Let u be m(-18). Suppose u*n + n = 7*n. Suppose -o - a + 124 - 12 = n, 4*a = 4*o - 488. What is the tens digit of o?
1
Let u(x) = -2*x**3 + 25*x**2 - 9*x - 27. Let h be u(12). Suppose o = -h*o + 850. What is the units digit of o?
5
Let a(r) = -r**3 - 17*r**2 - 15*r + 22. Let t be a(-16). Suppose 5*y - 58 - 31 = 3*h, 0 = 4*y - 5*h - 79. What is the tens digit of 32/t*216/y?
7
What is the units digit of 84/(-1638) - (-219106)/78?
9
What is the units digit of (-91556)/(-30) + (7/(-15))/(511/(-146))?
2
Let n(m) = m**3 - 25*m**2 - 665*m - 37. What is the thousands digit of n(46)?
3
Suppose 3*z + z + 119864 = 4*b, 4*b - z - 119849 = 0. What is the thousands digit of b?
9
What is the hundreds digit of 10043 + -5 - (-8 - -8 - 0)?
0
Let q(y) = -y**2 + 6*y - 6. Let r be q(3). Suppose -r*z - 1290 = -9*z. Suppose 0 = -4*n + 161 + z. What is the tens digit of n?
9
Let j = 19 - -9. Let q = -49 + j. Let d = q - -67. What is the tens digit of d?
4
Let x(k) be the third derivative of -k**6/120 - 7*k**5/60 + 11*k**4/24 - 3*k**3 + 37*k**2. What is the units digit of x(-9)?
5
Let y = 28746 + -14287. What is the thousands digit of y?
4
Let d(r) = -r**3 + 58*r**2 + 412*r + 11. What is the hundreds digit of d(63)?
1
What is the thousands digit of (-466 - -468)/(4/41302)?
0
What is the tens digit of (-2 - -71)*10792/213?
9
What is the hundreds digit of 3 - -2 - (-5294 - (58 + -31))?
3
Suppose -10 + 8 = -s. Let a(x) = -3*x - 9*x + 15*x + 104*x**s. What is the tens digit of a(1)?
0
Let x be 12/(-33) - 111/(-33). Let h = 11 - 8. Suppose -x*r = h*r - 204. What is the tens digit of r?
3
Let v = -42 + 46. Suppose -y = -v*y. Suppose 4*z - 650 - 146 = y. What is the tens digit of z?
9
Let v(j) = -583*j - 6864. What is the tens digit of v(-56)?
8
Let i(d) = d**2 + d - 24. Let v be i(-5). Let a be (0 - (-10)/v)*(-328)/10. What is the units digit of (a/4)/(((-3)/3)/(-2))?
1
Let u be (-24)/(-3)*(330/(-24) + 14). Let g = -30 - -43. Let v = u + g. What is the tens digit of v?
1
Suppose 10*l + 2*l = 36. Suppose 0 = -4*q + l*j + 853, -q + 1040 = 4*q + 5*j. What is the units digit of q?
1
Suppose -4*g + 76808 = -2*p, -4*g + 3*p + 77987 = 1177. What is the tens digit of g?
0
Suppose 166*c = 165*c + 804. Let v = -562 + c. What is the units digit of v?
2
Suppose 69*s = 64*s. Let i(x) = -x**3 + 3*x**2 - 2*x + 553. What is the units digit of i(s)?
3
Let d(y) = 495*y + 127. What is the tens digit of d(8)?
8
Let c(u) = 2*u**3 - 16*u**2 - 23*u - 20. What is the hundreds digit of c(12)?
8
Suppose 33*b = 22*b - 4499. Let d = b - -766. What is the hundreds digit of d?
3
Let q(h) = -363*h**3 - h**2 - 5*h - 5. Let i be q(-1). Suppose -o + i = 87. What is the hundreds digit of o?
2
Let z = -22765 + 32343. What is the units digit of z?
8
Suppose 5*n = 5*q + 25, -22 = -0*n - 3*n - 4*q. Let h(t) = -2*t + 4 + 8*t - 4*t + 9*t. What is the units digit of h(n)?
0
Suppose -6692*w + 6682*w = -29610. What is the thousands digit of w?
2
What is the tens digit of 1*154 - (-9 - 55/(-11))?
5
Suppose -61*l - 680 = -66*l. Suppose 0 = -2*k + 2*y + l, 5*y - 159 = -3*k + 69. What is the units digit of k?
1
Let c(r) = 10*r**2 - 2*r + 1. Let j be c(-2). Let g = j + -40. Suppose 6 = -2*x, y = g*x + 125 + 12. What is the hundreds digit of y?
1
Let o = -932 + 2820. What is the thousands digit of o?
1
Suppose -3*x = 3*g + 18, 3*x - 6 = -2*g + 7*x. Let k be 16842/210 - (112/35 + (-3)/1). What is the tens digit of k - (g/(-3) - -2)?
7
Suppose -5*u - 164 = -49. Let v(h) = -8*h + 61. Let p(i) = 7*i - 54. Let g(b) = -4*p(b) - 3*v(b). What is the tens digit of g(u)?
2
Let r = -30677 - -65533. What is the ten thousands digit of r?
3
Let h(c) = -6952*c - 220. What is the units digit of h(-1)?
2
Suppose 4*j = 17 - 5. Suppose 5*p = 3*g + 1417, -j*p = g - 0*g - 853. What is the tens digit of p?
8
Suppose 6 = 3*x, -4*w - 2*x + 5*x + 3294 = 0. Suppose -w = -3*u + 2*j, -u + 3 = -4*j - 272. What is the hundreds digit of u?
2
Let w = 120 + -373. What is the hundreds digit of 2 + -5 - w*2 - -3?
5
Let d(q) = -42*q - 4. Let k = -7 - -6. Let u be d(k). What is the units digit of u/(-1 - 3*20/(-48))?
2
Let p(j) = j**3 + 3*j**2 + 11*j + 20. Let d be p(-2). Suppose -4*a + 363 = -3*a + 5*t, d*a + 3*t - 712 = 0. What is the hundreds digit of a?
3
Let a(c) = -739*c + 213. Let p be a(-23). Suppose p = 2031*y - 2021*y. What is the hundreds digit of y?
7
Suppose -21893 = -d - i, d - 65719 = -2*d + 5*i. What is the tens digit of d?
9
Let u = 24579 - 14609. What is the units digit of u?
0
Let k(s) = 7. Let n(t) = 3*t - 272. Let i(b) = 6*k(b) - n(b). What is the units digit of i(-27)?
5
Let y = 92645 - 60992. What is the tens digit of y?
5
Let u = -45 - -707. Let h = u + -44. What is the tens digit of h?
1
Let k be (-176)/(-66)*(-6)/(-4). Suppose -k*l + 51 = -13. What is the tens digit of -14*(-2)/l*20?
3
Suppose -5*t + 24750 = 3*f, -159*t = -155*t - f - 19817. What is the hundreds digit of t?
9
Let z = 1500 - 1065. Suppose 15*c = 15 + z. What is the units digit of c?
0
Suppose -x + 49682 = -16*t, -4*t - 158482 + 9436 = -3*x. What is the tens digit of x?
8
Let l be (-1 - 4) + -25 + -5 + 6. Let m(s) = s**3 + 28*s**2 - 36*s - 42. What is the units digit of m(l)?
1
Let g = -29047 + 54312. What is the units digit of g?
5
Suppose 2*j = -k + 2*k, 4*k - 4 = 4*j. Suppose -4*x = -3*x + 4*p, -5*p = 5*x. Suppose 5*d - 3 = -k*v - x*v, v - 7 = 3*d. What is the units digit of v?
4
Let q be 3 + 1 + -7 + 4. Let s(b) = 483*b**3 + b**2 + 4*b - 5. What is the hundreds digit of s(q)?
4
Suppose 0 = 2*y - y - 6. Let m(h) = 3*h - 13. Let g be m(y). Suppose 3*u + 0*i - 155 = g*i, 1 = -i. What is the units digit of u?
0
What is the units digit of 447807/5 - 8064/3360?
9
Let k(o) = 4967*o**3 - 19*o + 3. What is the tens digit of k(2)?
0
Suppose -4*a + 0 = 24. Let x be ((1 - -2) + a/4)*1806. Suppose x + 1048 = 17*r. What is the units digit of r?
1
Let m be (-24)/(-28) - (-80316)/(-14). What is the tens digit of m/(-33) - (-1)/11*2?
7
Suppose -j + 8494 = 4*n, -118*n = -121*n + 3*j + 6363. What is the thousands digit of n?
2
Suppose 9*i + 23 = 5. What is the units digit of (-22704)/(-68) + -3 + i/(-17)?
1
Suppose -14*u - 30 = -20*u. Suppose b = u*r - 0*b - 627, 0 = 2*r + 3*b - 261. Suppose -11 = -s + r. What is the tens digit of s?
3
Let n(b) = 179*b**2 + 12*b - 17. Let c be n(2). Let p = -500 + c. What is the tens digit of p?
2
Let t = -371 - -535. Let x = 284 - t. What is the units digit